{"id":26,"date":"2025-05-06T13:29:35","date_gmt":"2025-05-06T11:29:35","guid":{"rendered":"https:\/\/asv-keckforst.de\/?page_id=26"},"modified":"2025-08-16T16:07:18","modified_gmt":"2025-08-16T14:07:18","slug":"gewaesser","status":"publish","type":"page","link":"https:\/\/asv-keckforst.de\/?page_id=26","title":{"rendered":"Gew\u00e4sser"},"content":{"rendered":"\n<p>Der Verein der Angelfreunde an der Keckforst e. V. unterh\u00e4lt drei Angelgew\u00e4sser.<\/p>\n\n\n\n<p>Die <a href=\"https:\/\/asv-keckforst.de\/?page_id=43\">Keckforst<\/a> am Rande von Uedem ist ausschlie\u00dflich f\u00fcr Vereinsmitglieder der Angelfreunde an der Keckforst e.V. zu nutzen. Der See am Kloster <a href=\"https:\/\/asv-keckforst.de\/?page_id=45\">Graefenthal<\/a> sowie der Niersbruch <a href=\"https:\/\/asv-keckforst.de\/?page_id=47\">Kelling<\/a> laufen unter gemeinschaftlicher Pacht mit dem ASV Humbert Hommersum.<\/p>\n\n\n\n<p>Das befahren mit Angelbooten (Schlauchboot, Bellyboot o. \u00c4. mit Paddeln oder Elektromotor) ist nach vorheriger Pr\u00fcfung durch den Vorstand und anschlie\u00dfender Registrierung auf den Seen Graefenthal und Kelling gestattet. Daf\u00fcr wird eine so genannte Bootskarte ausgestellt, die gut sichtbar am Boot angebracht werden muss. Das Befahren der Seen mit Festrumpfbooten und die Nutzung von Benzinmotoren ist nicht gestattet. Weitere Infors zur Bootsnutzung findest du <a href=\"https:\/\/asv-keckforst.de\/?page_id=388\">hier<\/a>.<\/p>\n","protected":false},"excerpt":{"rendered":"<p>Der Verein der Angelfreunde an der Keckforst e. V. unterh\u00e4lt drei Angelgew\u00e4sser. Die Keckforst am Rande von Uedem ist ausschlie\u00dflich f\u00fcr Vereinsmitglieder der Angelfreunde an der Keckforst e.V. zu nutzen. Der See am Kloster Graefenthal sowie der Niersbruch Kelling laufen unter gemeinschaftlicher Pacht mit dem ASV Humbert Hommersum. Das befahren mit Angelbooten (Schlauchboot, Bellyboot o. \u00c4. mit Paddeln oder Elektromotor) ist nach vorheriger Pr\u00fcfung durch den Vorstand und anschlie\u00dfender Registrierung auf den Seen Graefenthal und Kelling gestattet. Daf\u00fcr wird eine so genannte Bootskarte ausgestellt, die gut sichtbar am Boot angebracht werden muss. Das Befahren der Seen mit Festrumpfbooten und die Nutzung von Benzinmotoren ist nicht gestattet. Weitere Infors zur Bootsnutzung findest du hier.<\/p>\n","protected":false},"author":1,"featured_media":0,"parent":0,"menu_order":0,"comment_status":"closed","ping_status":"closed","template":"","meta":{"ngg_post_thumbnail":0,"footnotes":""},"class_list":["post-26","page","type-page","status-publish","hentry"],"acf":[],"_links":{"self":[{"href":"https:\/\/asv-keckforst.de\/index.php?rest_route=\/wp\/v2\/pages\/26","targetHints":{"allow":["GET"]}}],"collection":[{"href":"https:\/\/asv-keckforst.de\/index.php?rest_route=\/wp\/v2\/pages"}],"about":[{"href":"https:\/\/asv-keckforst.de\/index.php?rest_route=\/wp\/v2\/types\/page"}],"author":[{"embeddable":true,"href":"https:\/\/asv-keckforst.de\/index.php?rest_route=\/wp\/v2\/users\/1"}],"replies":[{"embeddable":true,"href":"https:\/\/asv-keckforst.de\/index.php?rest_route=%2Fwp%2Fv2%2Fcomments&post=26"}],"version-history":[{"count":4,"href":"https:\/\/asv-keckforst.de\/index.php?rest_route=\/wp\/v2\/pages\/26\/revisions"}],"predecessor-version":[{"id":442,"href":"https:\/\/asv-keckforst.de\/index.php?rest_route=\/wp\/v2\/pages\/26\/revisions\/442"}],"wp:attachment":[{"href":"https:\/\/asv-keckforst.de\/index.php?rest_route=%2Fwp%2Fv2%2Fmedia&parent=26"}],"curies":[{"name":"wp","href":"https:\/\/api.w.org\/{rel}","templated":true}]}}